t p = -1 + 4. Let f be 20/15*-1*p. Calculate l(f).
5
Let h(z) be the third derivative of -z**6/120 - z**5/12 - z**4/8 + z**3/6 + 22*z**2. What is h(-4)?
-3
Let c(u) = -19*u. Let w(z) = -9*z. Let g(p) = 6*c(p) - 13*w(p). Determine g(-4).
-12
Let g = 25 - 18. Let b(q) = 3*q**3 + 3 + q - g + 4*q**2 - 4*q**3 + 1. Give b(3).
9
Let v(l) = l + 16. Let w be v(-9). Let u(j) = -j**3 + 8*j**2 - 7*j + 6. Let d be u(w). Let f(m) = -m + 11. Determine f(d).
5
Let g(p) = p - 5. Let j(c) = 6*c + 1 + 3 - 4 - c**2. Suppose -3*f = -18 - 0. Let z be j(f). Give g(z).
-5
Let x(s) be the second derivative of s**2 + 1/6*s**3 + 0 + s. Let t be x(3). Let o(j) = -j**3 + 4*j**2 + 4*j + 2. Determine o(t).
-3
Let i(f) = f**3 + 5*f**2 - 1. Let q = -12 - -17. Suppose q = 4*b + 25. What is i(b)?
-1
Let n(h) = -h + 2. Let q(r) be the first derivative of 3*r**2/2 - 6*r + 9. Let p(v) = -11*n(v) - 4*q(v). Calculate p(5).
-3
Let q = 3 + -2. Let z(a) = -11*a. Give z(q).
-11
Suppose -4*i - 6 = -7*i. Let d be (i + 1)/3*3. Let c(k) = -k**3 + 1 - 5*k + 2 + 8*k**2 - 3*k**2. Calculate c(d).
6
Let j(i) be the first derivative of -i**4/4 + 3*i**3 + 5*i**2 - 5*i - 64. What is j(10)?
-5
Let c(z) be the second derivative of z**5/20 + z**4/12 + z**3/3 + 3*z**2/2 - 7*z. Let d be -2 + -1 + 3 + -2. Calculate c(d).
-5
Let f be ((-42)/(-28))/(1/2). Let o(j) be the first derivative of -f - 2*j**2 + 1/3*j**3 + j. What is o(4)?
1
Let a(k) = k**3 - 2*k**2 + k + 1. Suppose -6*p + 12 = -48. Suppose 5*t = -5*i + 8 + 7, 2*t - p = -4*i. Give a(i).
3
Let f(y) be the second derivative of y**5/20 - y**4/3 + y**3/6 - 7*y. Suppose -2*v = k + v - 4, 20 = 5*k - 5*v. Determine f(k).
4
Let t(l) be the second derivative of l**3/3 - 13*l**2/2 - 29*l. Determine t(9).
5
Suppose 0 = 5*g - 3 - 2. Let w(k) be the third derivative of -k**6/120 + k**5/30 - k**4/24 - 2*k**2. Determine w(g).
0
Let o(h) be the first derivative of h**2/2 - 9*h - 5. Calculate o(4).
-5
Let h(z) = -4*z**3 - 8*z**2 + 12*z + 8. Let t(r) = 9*r**3 + 16*r**2 - 25*r - 17. Let o(q) = -7*h(q) - 3*t(q). What is o(-9)?
-5
Let i(h) = 4*h + 1. Let a be (-180)/(-200) - (-2)/20. What is i(a)?
5
Let t(n) be the first derivative of 2*n**3/3 - n**2 - n - 1. Let v be 3 - (-16)/(-2 - 2). Give t(v).
3
Suppose -3*i + 0 = 3. Let p(t) = 30*t**2 + 11*t - 3. Let w(z) = -10*z**2 - 4*z + 1. Let s(c) = 4*p(c) + 11*w(c). What is s(i)?
9
Let t = -7 + 13. Let y(x) = x**3 - 5*x**2 - 7*x + 6. Let c be y(t). Let p(m) = -8 + 0*m + 3*m**2 + m + 5 + m**3 - 2*m**2. Calculate p(c).
-3
Let m(u) be the third derivative of 0*u - 1/24*u**4 + 0*u**3 + 0 + 4*u**2. Calculate m(-5).
5
Suppose -s - 3 = -5. Suppose 0 = -p - s, 5*a - 4*p - 12 = 6. Let f(q) = -q + 0*q + 0 + a. Give f(1).
1
Let q(j) = -5 + 5 + 0 - 3*j + 3*j**2 + 1 - j**3. What is q(2)?
-1
Let k(d) = -5*d**3 + 7*d**2 + 5*d - 2. Let j(g) = 4*g**3 - 7*g**2 - 5*g + 2. Let r(n) = -6*j(n) - 5*k(n). Calculate r(-6).
4
Let y(l) = -5*l - 1. Let w be y(-1). Let z(m) = -w*m + m**2 + 7*m**2 - 6*m**2. Calculate z(3).
6
Suppose 4*m = 4 + 12. Let a(p) = 3*p**2 - 3*p**2 - m*p**3 + p**3. What is a(1)?
-3
Let g(l) = l**3 - 2*l**2 - 2*l + 4. Let i(y) = 2*y + 14. Let k be i(-7). Let t be 2/(-6)*-9 - k. Give g(t).
7
Let q(r) = -r**2 - 4*r - 5. Let w = -9 + 3. Determine q(w).
-17
Let r(x) = -4*x + 13. Let u(o) = 3*o - 12. Let b(v) = v + 1. Let w be b(3). Let h(j) = w*r(j) + 5*u(j). Give h(-6).
-2
Let j(k) = 0*k - 3*k + 3*k + 9*k**3. Calculate j(1).
9
Let n(c) = -c**2 + 8*c - 7. Let r(t) = 2*t**2 + 2*t - 1. Let u be r(-3). Suppose 5*d + 2 + 23 = 0. Let q = u + d. Give n(q).
5
Let g(p) be the third derivative of -p**5/60 + p**4/12 + 7*p**3/6 + p**2. Let n(s) = s**3 - 7*s**2 + 8*s - 7. Let k be n(6). Calculate g(k).
-8
Let w(p) = -3*p + 2. Let o(x) be the second derivative of x**3/3 - 9*x**2/2 + x. Let h = -8 - -14. Let v be o(h). What is w(v)?
-7
Suppose -5*d - c = -2, 5*d + 4*c - 8 = -0. Let g(j) = d + 0 - 6*j + 6*j**2 + 1 - j**3 + 2. Determine g(5).
-2
Let k(y) = -2*y - 10. Let z be k(-7). Let q(s) = 3*s**3 + 4*s**2 + s + z - 4*s**3 - 4*s. Let r = 6 + -2. Give q(r).
-8
Let b(y) = -y**3 - y + 6. Suppose 2 = -2*g + 5*u, -4*g - g + u - 28 = 0. Let s = 2 + g. Let v be (-9)/(-6) + 6/s. What is b(v)?
6
Let h be (-132)/30 + 4/10. Let d be h/(-22) - 136/22. Let l(w) = w**3 + 7*w**2 + 6*w - 6. Determine l(d).
-6
Suppose -4*o = -d - 9, 0 = -2*o - d - 4*d - 1. Let b(v) = -4*v + 1 - 4 + 1 + v**o. Calculate b(4).
-2
Let x(z) be the third derivative of 1/24*z**4 + 0*z - 4*z**2 + 0 + 1/6*z**3. What is x(-3)?
-2
Suppose 5*r = 3 + 7. Let h be (r + 1/(-1))*5. Let d(s) be the first derivative of s**2/2 + s + 1. Determine d(h).
6
Let m(n) = n**3 - 7*n**2 + 7*n - 8. Let o(k) = -1. Let b(h) = m(h) - 5*o(h). Calculate b(6).
3
Let u(m) be the second derivative of m**4/12 + 5*m**3/6 - 2*m**2 + m. Let o = 0 - 4. What is u(o)?
-8
Let a(y) = -3*y**2 - y + 1. Let g(s) = 2*s + 16. Let u be g(-7). Suppose 2*q + 24 = -2*q. Let z be ((-4)/q)/(u/3). Determine a(z).
-3
Let q = 6 - 3. Let x(l) = -l - l**q + 4*l**2 + 3*l - l. Calculate x(4).
4
Let f(o) be the second derivative of -o**5/20 + 5*o**4/12 - 2*o**3/3 - 2*o**2 + 4*o. Give f(4).
-4
Let h(v) = -4*v**2 + 2*v + 1. Let o be h(-1). Let r(k) = -k**2 - 3*k + 6. Determine r(o).
-4
Let r(l) be the first derivative of l**3/6 + 3*l**2/2 - 9*l - 6. Let c(h) be the first derivative of r(h). Let d be -5 + 0 + -1 + 0. Give c(d).
-3
Let y(w) = -7 + 4*w + 4 - 3 - 3*w. Let s = 3 + 2. Calculate y(s).
-1
Let f(y) = y**2 + y + 1. Suppose l = h - 7, 4*l - 2*l = -5*h. Let g(z) = 8*z**2 + 6*z + 6. Let b(x) = h*g(x) - 12*f(x). Determine b(-1).
4
Let t(q) be the second derivative of -q**4/6 - 2*q**3/3 - q**2 + 6*q. Determine t(-2).
-2
Let s(z) = 2*z + 2. Suppose 5*f - 20 = 0, 0 = -j + f + 4*f - 24. Determine s(j).
-6
Let t(c) = -c + 2*c**3 - 3*c**2 + 3 - 2 + 5*c + 0*c. Let m(s) = 5*s**3 - 9*s**2 + 11*s + 4. Let n(r) = -3*m(r) + 8*t(r). What is n(-3)?
-1
Let s(o) = o**3 - 9*o**2 + 6*o + 2. Let q(y) = -2*y**3 + 17*y**2 - 12*y - 3. Let j(b) = -4*q(b) - 7*s(b). What is j(4)?
6
Let x(m) be the third derivative of m**5/30 + 7*m**4/24 + 5*m**3/6 - 13*m**2. Calculate x(-4).
9
Let x(p) = 4*p**2 - 1 + 3 + 7*p - 3*p**2. Let h be x(-6). Let q(z) = -z**3 - 4*z**2 + 5. Calculate q(h).
5
Let z(k) = -1. Let q(x) = x - 1. Let o(v) = 2*q(v) + 4*z(v). Let d(r) = -r**3 + 7*r**2 + 2*r - 9. Let h be d(7). Suppose 0 = h*w - 3 - 22. What is o(w)?
4
Let x(y) = y**2 - 3*y - 1. Let r be x(4). Let i(q) = 5*q**2 + 0 - 7 - q**r + 0*q**3. Suppose -2 = 5*l - 27. Determine i(l).
-7
Let n(g) = 2*g**2 - 9*g + 3. Let w(j) = 3*j**2 - 14*j + 5. Let a(l) = 8*n(l) - 5*w(l). What is a(3)?
2
Let k = 63 - 66. Let q(b) be the first derivative of -b**2 + 1. Give q(k).
6
Let v(t) = -3*t - 13. Let g be v(-6). Let q(h) = h + 1. Determine q(g).
6
Let p(q) = -q**2 - 4*q + 6. Let a be p(-5). Suppose 2*j + 1 = -a. Let h(m) = 5*m**2 + 2*m + 1. Give h(j).
4
Let t(h) = h**2 + 6*h + 3. Let w = -66 + 62. Determine t(w).
-5
Let f(i) = -i**2 - 1. Let y(t) = 5*t**2 + 6*t - 5. Let j(c) = -2*c**2 - 3*c + 3. Let h(u) = 5*j(u) + 3*y(u). Let k(q) = 4*f(q) + h(q). Calculate k(-3).
-4
Let t(j) = -j**2 + 7*j - 3. Let v = 22 - 16. Give t(v).
3
Let r(l) = l + 1. Let b be 2 - (-1)/(-2)*-4. Suppose -10 + 6 = b*w. What is r(w)?
0
Suppose x + 4*y = 13, 4*x - 20 + 4 = -4*y. Let s(o) be the first derivative of -4/3*o**3 + 1/2*o**2 - x + 4*o - 1/4*o**4. What is s(-3)?
-8
Suppose -b = 2*q - 9, -5*b - q + 6 = -4*q. Let w(o) = -3*o + 4 - 2 - b*o - o**2. What is w(-6)?
2
Let s(w) be the second derivative of w**4/12 - w**3/2 + 3*w**2/2 - 57*w. Calculate s(3).
3
Let o(c) = 0 - 3*c + 3 + c. Determine o(5).
-7
Let y(z) = 1. Let p(l) = 7*l + 9. Let g(v) = -p(v) + 4*y(v). Let i(n) = 11*n + 8. Let r(m) = 8*g(m) + 5*i(m). Determine r(0).
0
Let p = 8 - 9. Let x(v) be the first derivative of 1 - 2 + 3 + 3*v**2 + v. Give x(p).
-5
Let f(v) = 6*v**2 - 4*v - 6. Let w = -10 + 6. Let r(m) = 5*m**2 - 4*m - 5. Let z(o) = w*f(o) + 5*r(o). Calculate z(5).
4
Suppose 3*u - 15 = -0*u. Let d(v) be the first derivative of v**2/2 - v + 3. Give d(u).
4
Let d(f) = -f**3 + 3*f**2 + f + 3. Let w be d(3). Let h(s) = 2*s + 4. What is h(w)?
16
Let f(m) = -4 + 15*m**3 + 14 - 13*m - 4*m**3 + 14*m**2 - 12*m**3. What is f(13)?
10
Let b(r) = 2*r - 3. Let f(k) = k - 2. L